{"id":120,"date":"2010-01-10T16:12:06","date_gmt":"2010-01-10T18:12:06","guid":{"rendered":"http:\/\/www.desenhoonline.com\/site\/?page_id=120"},"modified":"2026-03-16T15:25:42","modified_gmt":"2026-03-16T18:25:42","slug":"contato","status":"publish","type":"page","link":"https:\/\/www.desenhoonline.com\/site\/contato\/","title":{"rendered":"Contato"},"content":{"rendered":"\n<p>Para contato ou solicitar algum servi\u00e7o de ilustra\u00e7\u00e3o\/desenho, envie-nos um email para:<\/p>\n\n\n\n<!--more-->\n\n\n\n<p><strong>desenhoonline@gmail.com<\/strong><\/p>\n\n\n\n<p><\/p>\n\n\n\n<p>Remo\u00e7\u00e3o de cont<\/p>\n\n\n\n<p><\/p>\n\n\n\n<p>Se quiser ajudar a melhorar nosso trabalho e a vida de outros desenhistas, voc\u00ea tamb\u00e9m pode enviar sugest\u00f5es, cr\u00edticas, elogios ou at\u00e9 alguma sugest\u00e3o de pauta para o Desenho Online; esta \u00faltima ser\u00e1 analisada, e conforme nosso julgamento, poder\u00e1 resultar em uma mat\u00e9ria no site.<\/p>\n\n\n\n<p>A seguir voc\u00ea confere um pouco da minha arte, mas para conferir outros trabalhos confira o meu portf\u00f3lio <a href=\"https:\/\/www.artstation.com\/mateusmachadoartist\" target=\"_blank\" rel=\"noreferrer noopener\">clicando aqui<\/a>.<\/p>\n\n\n\n<figure class=\"wp-block-gallery has-nested-images columns-default is-cropped wp-block-gallery-1 is-layout-flex wp-block-gallery-is-layout-flex\">\n<figure class=\"wp-block-image size-large\"><a href=\"https:\/\/www.desenhoonline.com\/site\/wp-content\/uploads\/A-ameaca-detalhe-manga_por-Mateus-Machado.jpg\"><img fetchpriority=\"high\" decoding=\"async\" width=\"1024\" height=\"1024\" data-id=\"36659\" src=\"https:\/\/www.desenhoonline.com\/site\/wp-content\/uploads\/A-ameaca-detalhe-manga_por-Mateus-Machado-1024x1024.jpg\" alt=\"\" class=\"wp-image-36659\" srcset=\"https:\/\/www.desenhoonline.com\/site\/wp-content\/uploads\/A-ameaca-detalhe-manga_por-Mateus-Machado-1024x1024.jpg 1024w, https:\/\/www.desenhoonline.com\/site\/wp-content\/uploads\/A-ameaca-detalhe-manga_por-Mateus-Machado-420x420.jpg 420w, https:\/\/www.desenhoonline.com\/site\/wp-content\/uploads\/A-ameaca-detalhe-manga_por-Mateus-Machado-100x100.jpg 100w, https:\/\/www.desenhoonline.com\/site\/wp-content\/uploads\/A-ameaca-detalhe-manga_por-Mateus-Machado-800x800.jpg 800w, https:\/\/www.desenhoonline.com\/site\/wp-content\/uploads\/A-ameaca-detalhe-manga_por-Mateus-Machado-300x300.jpg 300w, https:\/\/www.desenhoonline.com\/site\/wp-content\/uploads\/A-ameaca-detalhe-manga_por-Mateus-Machado-150x150.jpg 150w, https:\/\/www.desenhoonline.com\/site\/wp-content\/uploads\/A-ameaca-detalhe-manga_por-Mateus-Machado-768x768.jpg 768w, https:\/\/www.desenhoonline.com\/site\/wp-content\/uploads\/A-ameaca-detalhe-manga_por-Mateus-Machado-1140x1140.jpg 1140w, https:\/\/www.desenhoonline.com\/site\/wp-content\/uploads\/A-ameaca-detalhe-manga_por-Mateus-Machado-75x75.jpg 75w, https:\/\/www.desenhoonline.com\/site\/wp-content\/uploads\/A-ameaca-detalhe-manga_por-Mateus-Machado.jpg 1200w\" sizes=\"(max-width: 1024px) 100vw, 1024px\" \/><\/a><\/figure>\n\n\n\n<figure class=\"wp-block-image size-large\"><a href=\"https:\/\/www.desenhoonline.com\/site\/wp-content\/uploads\/SHONEN_CHIBI_por-Mateus-Machado.jpg\"><img decoding=\"async\" width=\"909\" height=\"1000\" data-id=\"36660\" src=\"https:\/\/www.desenhoonline.com\/site\/wp-content\/uploads\/SHONEN_CHIBI_por-Mateus-Machado.jpg\" alt=\"\" class=\"wp-image-36660\" srcset=\"https:\/\/www.desenhoonline.com\/site\/wp-content\/uploads\/SHONEN_CHIBI_por-Mateus-Machado.jpg 909w, https:\/\/www.desenhoonline.com\/site\/wp-content\/uploads\/SHONEN_CHIBI_por-Mateus-Machado-800x880.jpg 800w, https:\/\/www.desenhoonline.com\/site\/wp-content\/uploads\/SHONEN_CHIBI_por-Mateus-Machado-273x300.jpg 273w, https:\/\/www.desenhoonline.com\/site\/wp-content\/uploads\/SHONEN_CHIBI_por-Mateus-Machado-768x845.jpg 768w\" sizes=\"(max-width: 909px) 100vw, 909px\" \/><\/a><\/figure>\n\n\n\n<figure class=\"wp-block-image size-large\"><a href=\"https:\/\/www.desenhoonline.com\/site\/wp-content\/uploads\/Fanarts-manga-chibi_por-Mateus-Machado.jpg\"><img decoding=\"async\" width=\"800\" height=\"450\" data-id=\"36661\" src=\"https:\/\/www.desenhoonline.com\/site\/wp-content\/uploads\/Fanarts-manga-chibi_por-Mateus-Machado.jpg\" alt=\"\" class=\"wp-image-36661\" srcset=\"https:\/\/www.desenhoonline.com\/site\/wp-content\/uploads\/Fanarts-manga-chibi_por-Mateus-Machado.jpg 800w, https:\/\/www.desenhoonline.com\/site\/wp-content\/uploads\/Fanarts-manga-chibi_por-Mateus-Machado-300x169.jpg 300w, https:\/\/www.desenhoonline.com\/site\/wp-content\/uploads\/Fanarts-manga-chibi_por-Mateus-Machado-768x432.jpg 768w\" sizes=\"(max-width: 800px) 100vw, 800px\" \/><\/a><\/figure>\n<\/figure>\n\n\n\n<h3 class=\"wp-block-heading\">Solicita\u00e7\u00e3o de exclus\u00e3o de dados<\/h3>\n\n\n\n<p>Nosso site pode utilizar recursos de integra\u00e7\u00e3o com plataformas da Meta, como conte\u00fados p\u00fablicos do Instagram incorporados em p\u00e1ginas.<\/p>\n\n\n\n<p>O site <strong>n\u00e3o armazena dados pessoais provenientes dessas plataformas<\/strong>.<\/p>\n\n\n\n<p>Caso algum usu\u00e1rio deseje solicitar informa\u00e7\u00f5es ou a exclus\u00e3o de eventuais dados relacionados ao uso dessas integra\u00e7\u00f5es, pode enviar uma solicita\u00e7\u00e3o para:<\/p>\n\n\n\n<p><strong><a>desenhoonline@gmail.com<\/a><\/strong><\/p>\n\n\n\n<p>A solicita\u00e7\u00e3o ser\u00e1 analisada e respondida dentro de um prazo razo\u00e1vel.<\/p>\n","protected":false},"excerpt":{"rendered":"<p>Para contato ou solicitar algum servi\u00e7o de ilustra\u00e7\u00e3o\/desenho, envie-nos um email para:<\/p>\n","protected":false},"author":8,"featured_media":0,"parent":0,"menu_order":0,"comment_status":"closed","ping_status":"open","template":"","meta":{"footnotes":""},"class_list":["post-120","page","type-page","status-publish","hentry"],"yoast_head":"<!-- This site is optimized with the Yoast SEO plugin v27.4 - https:\/\/yoast.com\/product\/yoast-seo-wordpress\/ -->\n<title>Contato - Desenho Online<\/title>\n<meta name=\"description\" content=\"Para d\u00favidas, sugest\u00f5es ou reclama\u00e7\u00f5es, entre em contato pelo nosso email.\" \/>\n<meta name=\"robots\" content=\"index, follow, max-snippet:-1, max-image-preview:large, max-video-preview:-1\" \/>\n<link rel=\"canonical\" href=\"https:\/\/www.desenhoonline.com\/site\/contato\/\" \/>\n<meta property=\"og:locale\" content=\"pt_BR\" \/>\n<meta property=\"og:type\" content=\"article\" \/>\n<meta property=\"og:title\" content=\"Contato - Desenho Online\" \/>\n<meta property=\"og:description\" content=\"Para d\u00favidas, sugest\u00f5es ou reclama\u00e7\u00f5es, entre em contato pelo nosso email.\" \/>\n<meta property=\"og:url\" content=\"https:\/\/www.desenhoonline.com\/site\/contato\/\" \/>\n<meta property=\"og:site_name\" content=\"Desenho Online\" \/>\n<meta property=\"article:publisher\" content=\"https:\/\/www.facebook.com\/mateusmachadocustodio\" \/>\n<meta property=\"article:modified_time\" content=\"2026-03-16T18:25:42+00:00\" \/>\n<meta property=\"og:image\" content=\"https:\/\/www.desenhoonline.com\/site\/wp-content\/uploads\/A-ameaca-detalhe-manga_por-Mateus-Machado.jpg\" \/>\n\t<meta property=\"og:image:width\" content=\"1200\" \/>\n\t<meta property=\"og:image:height\" content=\"1200\" \/>\n\t<meta property=\"og:image:type\" content=\"image\/jpeg\" \/>\n<meta name=\"twitter:label1\" content=\"Est. tempo de leitura\" \/>\n\t<meta name=\"twitter:data1\" content=\"2 minutos\" \/>\n<script type=\"application\/ld+json\" class=\"yoast-schema-graph\">{\"@context\":\"https:\\\/\\\/schema.org\",\"@graph\":[{\"@type\":\"WebPage\",\"@id\":\"https:\\\/\\\/www.desenhoonline.com\\\/site\\\/contato\\\/\",\"url\":\"https:\\\/\\\/www.desenhoonline.com\\\/site\\\/contato\\\/\",\"name\":\"Contato - Desenho Online\",\"isPartOf\":{\"@id\":\"https:\\\/\\\/www.desenhoonline.com\\\/site\\\/#website\"},\"primaryImageOfPage\":{\"@id\":\"https:\\\/\\\/www.desenhoonline.com\\\/site\\\/contato\\\/#primaryimage\"},\"image\":{\"@id\":\"https:\\\/\\\/www.desenhoonline.com\\\/site\\\/contato\\\/#primaryimage\"},\"thumbnailUrl\":\"https:\\\/\\\/www.desenhoonline.com\\\/site\\\/wp-content\\\/uploads\\\/A-ameaca-detalhe-manga_por-Mateus-Machado-1024x1024.jpg\",\"datePublished\":\"2010-01-10T18:12:06+00:00\",\"dateModified\":\"2026-03-16T18:25:42+00:00\",\"description\":\"Para d\u00favidas, sugest\u00f5es ou reclama\u00e7\u00f5es, entre em contato pelo nosso email.\",\"breadcrumb\":{\"@id\":\"https:\\\/\\\/www.desenhoonline.com\\\/site\\\/contato\\\/#breadcrumb\"},\"inLanguage\":\"pt-BR\",\"potentialAction\":[{\"@type\":\"ReadAction\",\"target\":[\"https:\\\/\\\/www.desenhoonline.com\\\/site\\\/contato\\\/\"]}]},{\"@type\":\"ImageObject\",\"inLanguage\":\"pt-BR\",\"@id\":\"https:\\\/\\\/www.desenhoonline.com\\\/site\\\/contato\\\/#primaryimage\",\"url\":\"https:\\\/\\\/www.desenhoonline.com\\\/site\\\/wp-content\\\/uploads\\\/A-ameaca-detalhe-manga_por-Mateus-Machado.jpg\",\"contentUrl\":\"https:\\\/\\\/www.desenhoonline.com\\\/site\\\/wp-content\\\/uploads\\\/A-ameaca-detalhe-manga_por-Mateus-Machado.jpg\",\"width\":1200,\"height\":1200},{\"@type\":\"BreadcrumbList\",\"@id\":\"https:\\\/\\\/www.desenhoonline.com\\\/site\\\/contato\\\/#breadcrumb\",\"itemListElement\":[{\"@type\":\"ListItem\",\"position\":1,\"name\":\"Home\",\"item\":\"https:\\\/\\\/www.desenhoonline.com\\\/site\\\/\"},{\"@type\":\"ListItem\",\"position\":2,\"name\":\"Contato\"}]},{\"@type\":\"WebSite\",\"@id\":\"https:\\\/\\\/www.desenhoonline.com\\\/site\\\/#website\",\"url\":\"https:\\\/\\\/www.desenhoonline.com\\\/site\\\/\",\"name\":\"Desenho Online\",\"description\":\"Desenho Online - Curso de desenho, downloads, dicas e not\u00edcias.\",\"publisher\":{\"@id\":\"https:\\\/\\\/www.desenhoonline.com\\\/site\\\/#\\\/schema\\\/person\\\/e2d666b91c39a2cbd5f74666a176d3c3\"},\"potentialAction\":[{\"@type\":\"SearchAction\",\"target\":{\"@type\":\"EntryPoint\",\"urlTemplate\":\"https:\\\/\\\/www.desenhoonline.com\\\/site\\\/?s={search_term_string}\"},\"query-input\":{\"@type\":\"PropertyValueSpecification\",\"valueRequired\":true,\"valueName\":\"search_term_string\"}}],\"inLanguage\":\"pt-BR\"},{\"@type\":[\"Person\",\"Organization\"],\"@id\":\"https:\\\/\\\/www.desenhoonline.com\\\/site\\\/#\\\/schema\\\/person\\\/e2d666b91c39a2cbd5f74666a176d3c3\",\"name\":\"Mateus Machado\",\"image\":{\"@type\":\"ImageObject\",\"inLanguage\":\"pt-BR\",\"@id\":\"https:\\\/\\\/www.desenhoonline.com\\\/site\\\/wp-content\\\/uploads\\\/Mateus-Machado-Desenhista-Desenho-Online-1.jpg\",\"url\":\"https:\\\/\\\/www.desenhoonline.com\\\/site\\\/wp-content\\\/uploads\\\/Mateus-Machado-Desenhista-Desenho-Online-1.jpg\",\"contentUrl\":\"https:\\\/\\\/www.desenhoonline.com\\\/site\\\/wp-content\\\/uploads\\\/Mateus-Machado-Desenhista-Desenho-Online-1.jpg\",\"width\":200,\"height\":200,\"caption\":\"Mateus Machado\"},\"logo\":{\"@id\":\"https:\\\/\\\/www.desenhoonline.com\\\/site\\\/wp-content\\\/uploads\\\/Mateus-Machado-Desenhista-Desenho-Online-1.jpg\"},\"description\":\"Um curioso aspirante da filosofia que curte aprender um pouco de tudo, seja de ci\u00eancia, arte, religi\u00e3o ou filosofia. Artista Pl\u00e1stico, Designer Gr\u00e1fico e Blogueiro.\",\"sameAs\":[\"http:\\\/\\\/www.desenhoonline.com\",\"https:\\\/\\\/www.facebook.com\\\/mateusmachadocustodio\"]}]}<\/script>\n<!-- \/ Yoast SEO plugin. -->","yoast_head_json":{"title":"Contato - Desenho Online","description":"Para d\u00favidas, sugest\u00f5es ou reclama\u00e7\u00f5es, entre em contato pelo nosso email.","robots":{"index":"index","follow":"follow","max-snippet":"max-snippet:-1","max-image-preview":"max-image-preview:large","max-video-preview":"max-video-preview:-1"},"canonical":"https:\/\/www.desenhoonline.com\/site\/contato\/","og_locale":"pt_BR","og_type":"article","og_title":"Contato - Desenho Online","og_description":"Para d\u00favidas, sugest\u00f5es ou reclama\u00e7\u00f5es, entre em contato pelo nosso email.","og_url":"https:\/\/www.desenhoonline.com\/site\/contato\/","og_site_name":"Desenho Online","article_publisher":"https:\/\/www.facebook.com\/mateusmachadocustodio","article_modified_time":"2026-03-16T18:25:42+00:00","og_image":[{"width":1200,"height":1200,"url":"https:\/\/www.desenhoonline.com\/site\/wp-content\/uploads\/A-ameaca-detalhe-manga_por-Mateus-Machado.jpg","type":"image\/jpeg"}],"twitter_misc":{"Est. tempo de leitura":"2 minutos"},"schema":{"@context":"https:\/\/schema.org","@graph":[{"@type":"WebPage","@id":"https:\/\/www.desenhoonline.com\/site\/contato\/","url":"https:\/\/www.desenhoonline.com\/site\/contato\/","name":"Contato - Desenho Online","isPartOf":{"@id":"https:\/\/www.desenhoonline.com\/site\/#website"},"primaryImageOfPage":{"@id":"https:\/\/www.desenhoonline.com\/site\/contato\/#primaryimage"},"image":{"@id":"https:\/\/www.desenhoonline.com\/site\/contato\/#primaryimage"},"thumbnailUrl":"https:\/\/www.desenhoonline.com\/site\/wp-content\/uploads\/A-ameaca-detalhe-manga_por-Mateus-Machado-1024x1024.jpg","datePublished":"2010-01-10T18:12:06+00:00","dateModified":"2026-03-16T18:25:42+00:00","description":"Para d\u00favidas, sugest\u00f5es ou reclama\u00e7\u00f5es, entre em contato pelo nosso email.","breadcrumb":{"@id":"https:\/\/www.desenhoonline.com\/site\/contato\/#breadcrumb"},"inLanguage":"pt-BR","potentialAction":[{"@type":"ReadAction","target":["https:\/\/www.desenhoonline.com\/site\/contato\/"]}]},{"@type":"ImageObject","inLanguage":"pt-BR","@id":"https:\/\/www.desenhoonline.com\/site\/contato\/#primaryimage","url":"https:\/\/www.desenhoonline.com\/site\/wp-content\/uploads\/A-ameaca-detalhe-manga_por-Mateus-Machado.jpg","contentUrl":"https:\/\/www.desenhoonline.com\/site\/wp-content\/uploads\/A-ameaca-detalhe-manga_por-Mateus-Machado.jpg","width":1200,"height":1200},{"@type":"BreadcrumbList","@id":"https:\/\/www.desenhoonline.com\/site\/contato\/#breadcrumb","itemListElement":[{"@type":"ListItem","position":1,"name":"Home","item":"https:\/\/www.desenhoonline.com\/site\/"},{"@type":"ListItem","position":2,"name":"Contato"}]},{"@type":"WebSite","@id":"https:\/\/www.desenhoonline.com\/site\/#website","url":"https:\/\/www.desenhoonline.com\/site\/","name":"Desenho Online","description":"Desenho Online - Curso de desenho, downloads, dicas e not\u00edcias.","publisher":{"@id":"https:\/\/www.desenhoonline.com\/site\/#\/schema\/person\/e2d666b91c39a2cbd5f74666a176d3c3"},"potentialAction":[{"@type":"SearchAction","target":{"@type":"EntryPoint","urlTemplate":"https:\/\/www.desenhoonline.com\/site\/?s={search_term_string}"},"query-input":{"@type":"PropertyValueSpecification","valueRequired":true,"valueName":"search_term_string"}}],"inLanguage":"pt-BR"},{"@type":["Person","Organization"],"@id":"https:\/\/www.desenhoonline.com\/site\/#\/schema\/person\/e2d666b91c39a2cbd5f74666a176d3c3","name":"Mateus Machado","image":{"@type":"ImageObject","inLanguage":"pt-BR","@id":"https:\/\/www.desenhoonline.com\/site\/wp-content\/uploads\/Mateus-Machado-Desenhista-Desenho-Online-1.jpg","url":"https:\/\/www.desenhoonline.com\/site\/wp-content\/uploads\/Mateus-Machado-Desenhista-Desenho-Online-1.jpg","contentUrl":"https:\/\/www.desenhoonline.com\/site\/wp-content\/uploads\/Mateus-Machado-Desenhista-Desenho-Online-1.jpg","width":200,"height":200,"caption":"Mateus Machado"},"logo":{"@id":"https:\/\/www.desenhoonline.com\/site\/wp-content\/uploads\/Mateus-Machado-Desenhista-Desenho-Online-1.jpg"},"description":"Um curioso aspirante da filosofia que curte aprender um pouco de tudo, seja de ci\u00eancia, arte, religi\u00e3o ou filosofia. Artista Pl\u00e1stico, Designer Gr\u00e1fico e Blogueiro.","sameAs":["http:\/\/www.desenhoonline.com","https:\/\/www.facebook.com\/mateusmachadocustodio"]}]}},"jetpack_sharing_enabled":true,"_links":{"self":[{"href":"https:\/\/www.desenhoonline.com\/site\/wp-json\/wp\/v2\/pages\/120","targetHints":{"allow":["GET"]}}],"collection":[{"href":"https:\/\/www.desenhoonline.com\/site\/wp-json\/wp\/v2\/pages"}],"about":[{"href":"https:\/\/www.desenhoonline.com\/site\/wp-json\/wp\/v2\/types\/page"}],"author":[{"embeddable":true,"href":"https:\/\/www.desenhoonline.com\/site\/wp-json\/wp\/v2\/users\/8"}],"replies":[{"embeddable":true,"href":"https:\/\/www.desenhoonline.com\/site\/wp-json\/wp\/v2\/comments?post=120"}],"version-history":[{"count":1,"href":"https:\/\/www.desenhoonline.com\/site\/wp-json\/wp\/v2\/pages\/120\/revisions"}],"predecessor-version":[{"id":45137,"href":"https:\/\/www.desenhoonline.com\/site\/wp-json\/wp\/v2\/pages\/120\/revisions\/45137"}],"wp:attachment":[{"href":"https:\/\/www.desenhoonline.com\/site\/wp-json\/wp\/v2\/media?parent=120"}],"curies":[{"name":"wp","href":"https:\/\/api.w.org\/{rel}","templated":true}]}}